ate the highest common factor of 284 and 35713.
71
Calculate the greatest common divisor of 708 and 12.
12
Calculate the greatest common factor of 2452 and 28.
4
What is the highest common divisor of 7740 and 240?
60
Calculate the highest common divisor of 28 and 434.
14
Calculate the highest common factor of 112465 and 415.
415
Calculate the greatest common factor of 37 and 1961.
37
What is the greatest common divisor of 216 and 32?
8
What is the highest common divisor of 49 and 14?
7
What is the greatest common factor of 377 and 481?
13
Calculate the highest common factor of 63 and 207.
9
What is the highest common divisor of 234 and 162?
18
What is the highest common divisor of 28 and 512?
4
Calculate the highest common factor of 98 and 1225.
49
Calculate the highest common divisor of 63 and 259.
7
What is the greatest common divisor of 4512 and 288?
96
What is the greatest common factor of 11520 and 24?
24
Calculate the highest common divisor of 548 and 28.
4
What is the greatest common divisor of 19 and 2?
1
What is the highest common divisor of 3348 and 93?
93
Calculate the greatest common factor of 71508 and 6.
6
Calculate the highest common divisor of 12 and 474.
6
What is the greatest common factor of 3629 and 573?
191
What is the greatest common divisor of 15 and 795?
15
What is the greatest common divisor of 24 and 252?
12
Calculate the greatest common divisor of 3 and 20.
1
What is the highest common factor of 1104 and 816?
48
Calculate the highest common divisor of 514 and 12079.
257
Calculate the greatest common factor of 252 and 36.
36
Calculate the greatest common divisor of 66 and 258.
6
Calculate the greatest common divisor of 162 and 12.
6
Calculate the highest common divisor of 540 and 300.
60
What is the highest common divisor of 3776 and 24?
8
Calculate the greatest common divisor of 82 and 15990.
82
Calculate the greatest common factor of 5607 and 63.
63
What is the highest common factor of 836 and 22?
22
Calculate the highest common factor of 171 and 9861.
57
What is the greatest common factor of 144 and 108?
36
What is the greatest common divisor of 81 and 1296?
81
What is the greatest common divisor of 30 and 750?
30
Calculate the highest common divisor of 1026 and 76.
38
What is the highest common divisor of 640 and 5?
5
Calculate the highest common divisor of 143 and 7007.
143
What is the greatest common divisor of 832 and 13?
13
Calculate the greatest common divisor of 168 and 1400.
56
Calculate the highest common factor of 20 and 740.
20
Calculate the greatest common divisor of 407 and 33.
11
Calculate the highest common divisor of 35 and 130.
5
What is the highest common factor of 7 and 1183?
7
What is the highest common divisor of 576 and 72?
72
Calculate the highest common factor of 19 and 5377.
19
Calculate the greatest common factor of 64 and 1440.
32
Calculate the greatest common divisor of 33 and 759.
33
What is the highest common factor of 4031 and 29?
29
Calculate the highest common factor of 2255 and 615.
205
What is the greatest common divisor of 440 and 110?
110
What is the greatest common divisor of 77 and 44?
11
What is the highest common factor of 11 and 2?
1
Calculate the highest common factor of 1800 and 576.
72
Calculate the highest common divisor of 1416 and 8.
8
Calculate the highest common divisor of 21 and 30093.
21
What is the highest common divisor of 703 and 19?
19
Calculate the greatest common divisor of 10 and 160.
10
Calculate the greatest common divisor of 6 and 90.
6
What is the highest common factor of 244 and 16?
4
Calculate the highest common factor of 52 and 52.
52
What is the greatest common divisor of 2965 and 20?
5
Calculate the highest common factor of 310 and 2.
2
Calculate the greatest common divisor of 3999 and 387.
129
Calculate the highest common divisor of 1256 and 1413.
157
Calculate the highest common factor of 61 and 122.
61
Calculate the highest common factor of 10819 and 31.
31
Calculate the highest common factor of 77 and 517.
11
What is the highest common divisor of 532 and 456?
76
What is the greatest common factor of 378 and 45?
9
What is the greatest common divisor of 23 and 391?
23
Calculate the greatest common factor of 918 and 374.
34
What is the highest common divisor of 4025 and 21?
7
What is the greatest common divisor of 39 and 442?
13
Calculate the greatest common divisor of 477 and 45.
9
Calculate the highest common divisor of 1744 and 32.
16
Calculate the highest common divisor of 1144 and 297.
11
What is the greatest common factor of 1333 and 31?
31
What is the highest common factor of 384 and 3744?
96
What is the greatest common divisor of 228 and 646?
38
Calculate the highest common factor of 6 and 174.
6
Calculate the greatest common factor of 180 and 1926.
18
What is the greatest common divisor of 8 and 328?
8
What is the highest common factor of 260 and 572?
52
What is the greatest common divisor of 1241 and 17?
17
Calculate the greatest common divisor of 1188 and 1628.
44
What is the greatest common factor of 7 and 119?
7
What is the highest common divisor of 3013 and 115?
23
Calculate the greatest common factor of 52 and 572.
52
What is the greatest common factor of 10 and 530?
10
Calculate the highest common factor of 2480 and 31.
31
Calculate the greatest common factor of 82 and 1599.
41
What is the greatest common divisor of 21 and 882?
21
What is the highest common factor of 20 and 150?
10
What is the greatest common factor of 1090 and 20?
10
Calculate the highest common factor of 308 and 704.
44
What is the greatest common factor of 12825 and 270?
135
Calculate the highest common divisor of 1292 and 68.
68
Calculate the highest common divisor of 334 and 20541.
167
Calculate the highest common factor of 2316 and 12.
12
Calculate the greatest common divisor of 1364 and 868.
124
Calculate the highest common factor of 243 and 189.
27
What is the highest common divisor of 2451 and 129?
129
Calculate the highest common divisor of 40344 and 164.
164
What is the greatest common factor of 296 and 1702?
74
What is the highest common divisor of 120 and 30?
30
Calculate the highest common factor of 42 and 11886.
42
Calculate the greatest common divisor of 250 and 40.
10
What is the highest common divisor of 32 and 1?
1
Calculate the greatest common divisor of 194 and 2522.
194
What is the greatest common divisor of 100 and 2030?
10
What is the greatest common factor of 138 and 506?
46
Calculate the greatest common divisor of 86 and 1118.
86
Calculate the greatest common factor of 1005 and 603.
201
What is the highest common divisor of 201 and 3?
3
What is the greatest common divisor of 121 and 88?
11
Calculate the greatest common divisor of 185 and 665.
5
What is the greatest common divisor of 558 and 18?
18
What is the highest common factor of 1355 and 5?
5
Calculate the greatest common divisor of 34032 and 48.
48
Calculate the greatest common factor of 570 and 3382.
38
Calculate the highest common divisor of 3596 and 8.
4
Calculate the highest common divisor of 322 and 182.
14
What is the highest common factor of 748 and 1683?
187
What is the highest common factor of 16 and 12?
4
Calculate the greatest common factor of 1560 and 10.
10
Calculate the highest common divisor of 2023 and 63.
7
What is the highest common factor of 3589 and 37?
37
What is the highest common factor of 675 and 585?
45
Calculate the highest common factor of 45593 and 127.
127
Calculate the greatest common factor of 52 and 4758.
26
What is the greatest common factor of 44 and 51216?
44
Calculate the highest common factor of 373 and 8579.
373
Calculate the greatest common divisor of 2720 and 425.
85
Calculate the greatest common divisor of 3111 and 1647.
183
Calculate the highest common factor of 55 and 635.
5
Calculate the greatest common divisor of 198 and 1458.
18
Calculate the greatest common factor of 742 and 159.
53
What is the highest common factor of 6402 and 33?
33
Calculate the highest common divisor of 888 and 48.
24
Calculate the highest common divisor of 46110 and 15.
15
Calculate the highest common factor of 25 and 125.
25
Calculate the highest common divisor of 170 and 544.
34
What is the highest common factor of 165 and 240?
15
Calculate the greatest commo